 -2*l + 3*z + 922. Let p = -233 + l. Suppose 5*r = 90 + p. List the prime factors of r.
3, 7
List the prime factors of (-3 - -18)/(-33 + 31)*(-22744)/12.
5, 2843
Let d = -117 - -119. Suppose -d*r + 1279 + 705 = 2*m, 4*r + 3*m - 3973 = 0. List the prime factors of r.
997
Suppose 0 = u + 5*y - 102 - 172, -u + 234 = -3*y. Let b(q) = 2*q**3 - 5*q**2 + 6*q. Let w be b(5). Let j = u - w. What are the prime factors of j?
2, 47
Let l = -10440 + 16161. List the prime factors of l.
3, 1907
Suppose -154*h - 695016 = -238*h. What are the prime factors of h?
2, 3, 7, 197
Let y be (-112)/(-32) + (-9)/(-6). Suppose y*w + 717 = 4*b, -4*b - 6*w = -10*w - 716. List the prime factors of b.
2, 89
Let g(b) = 317*b + 10. Let d be g(2). Suppose -d = -2*s + 904. List the prime factors of s.
2, 3, 43
Suppose 31*u = 38*u - 248381. What are the prime factors of u/42 - (-3)/18?
5, 13
Suppose 0 = 3*p - 5*p - 4, 3*p + 1 = 5*j. Let t(k) = -448*k**3 + k**2 - 2. What are the prime factors of t(j)?
3, 149
Let k(z) = 3*z**2 + 17*z + 8. Let t be k(-5). Let h(x) = -52*x - 4. Let q be h(t). Suppose r + 4*j = 46, 0*r + q = 2*r + 4*j. List the prime factors of r.
2, 3
Let z = -85 - -88. Let q be (-1)/(((-12)/(-18))/((-34)/z)). Suppose q*b - 22*b = -505. List the prime factors of b.
101
Suppose -4*p = -4*l - 10709 - 7391, 5*l - 4519 = -p. List the prime factors of p/9 - (3 - (-60)/(-18)).
503
Suppose -160*w + 27003108 = 212*w. List the prime factors of w.
11, 6599
Let l(u) = u**2 + 3*u - 4. Suppose 6*n + 20 = 8*n. Let k be l(n). Suppose 199 = 2*y - 3*z, -3*y - z + 167 = -k. List the prime factors of y.
2, 7
Suppose r + r = -0*r. Suppose -i - 1746 = -2*w, w - 5*i - 1103 + 230 = r. List the prime factors of 3/(-6) + (w/6 - 3).
2, 71
Suppose 21*b - 28*b - 70 = 0. List the prime factors of (-603)/(0 - (-3 - 45/b)).
2, 3, 67
Let p be 44 - (4 - 12)/(-2). Suppose 4*c - 2*b - p = 0, -c + b = -b - 4. Let z = 15 - c. What are the prime factors of z?
3
Suppose -11*s + 3589 = -62026. What are the prime factors of s?
5, 1193
Let o = -220 - -214. List the prime factors of 362*1/o*-6.
2, 181
Suppose -3541*s = -3506*s - 28105. What are the prime factors of s?
11, 73
Let l = 11097 + -3404. List the prime factors of l.
7, 157
Let r be 1 + 1 + (0 - 0/3). Suppose 4*h + 4*f = 8, r*h - f + 3 - 7 = 0. Suppose h*u = 2*b - b + 91, u - 53 = 2*b. What are the prime factors of u?
43
Let m = -80 + 505. Let z = m + -13. What are the prime factors of z?
2, 103
Let g(l) = l**3 + 12*l**2 - 16*l - 6. Suppose -4*x - 12 = 0, -3*o + 2*x = 4*x. Suppose 65 = -7*h + o*h. List the prime factors of g(h).
3, 11
List the prime factors of (18/(-21))/6 - 61544576/(-896).
2, 3, 53
Let o(x) = 150*x - 8. Let k(t) = t**2 - 11*t + 2. Let q be k(11). List the prime factors of o(q).
2, 73
Let r = -59499 + 85954. Suppose 35*y - r = 7180. List the prime factors of y.
31
Let h(r) = r**2 + 5*r - 70. Let a be h(-14). What are the prime factors of (-8)/(a/(-12775)) - 8?
23, 79
Suppose -3*x + 690 = 4*j, 5*j + 440 = 2*x + j. Let n = -135 + x. Let v = -36 + n. What are the prime factors of v?
5, 11
Let p be 5/((-12)/(-9)*(-6)/(-8)). Suppose -2*n = p*v - 1185 + 246, 4*n + 3*v = 1899. List the prime factors of n.
3, 53
Suppose -2*x + 7*r - 3*r = -572, 5*x - 4*r = 1454. Suppose v = -3*d + x + 17, -2*v - 296 = -3*d. Let a = 146 - d. What are the prime factors of a?
2, 11
Let d(y) be the second derivative of -y**4/12 - y**2 + 22*y. Let i be d(0). List the prime factors of (-5460)/(-49) - (i + 34/14).
3, 37
Let o = 26 - 26. Suppose g - 5 = 5*g - 5*f, o = -5*g - f + 30. Suppose -260 = -g*k + 185. List the prime factors of k.
89
Let q = 1855 - -4407. List the prime factors of q.
2, 31, 101
Let g(t) = -724*t - 16. Let d be g(-4). Suppose 0 = -9*l - l + d. List the prime factors of l.
2, 3
Let r = 265 + -265. Suppose c + 2*c = -3*n + 1713, r = 4*c - 2*n - 2308. List the prime factors of c.
5, 23
Let o(u) = 3*u**3 + 5*u**2 + 10*u + 6. Let x = 474 + -469. What are the prime factors of o(x)?
2, 139
Suppose -f = 0, 3*g = -24*f + 22*f + 63. List the prime factors of (-1920)/72*g/(-2).
2, 5, 7
Suppose -4*x + 0*x = -2*h - 62, -x - 3*h + 19 = 0. Let s = 22 - x. Let m(p) = p**2 + 7*p + 22. What are the prime factors of m(s)?
2, 5
Suppose 0 = -54*y + 60*y - 12. What are the prime factors of (86/(-6))/((-3)/18*y)?
43
Let f(k) = 2*k**3 + 9*k**2 - 6*k + 59. Let z be f(-11). Let u = 2699 + z. What are the prime factors of u?
3, 139
Suppose 3*p = 4*h - 13, 5*p - 4*h + 15 = h. Let q(n) = 147*n + 1. What are the prime factors of q(p)?
2, 37
Suppose -52*f + 74*f - 370370 = 0. List the prime factors of f.
5, 7, 13, 37
Let a(s) = -5*s**2 - 14*s + 15. Let r be a(-3). Suppose 2*m - r*d = -14*d + 222, -4*d = -5*m + 546. What are the prime factors of m?
2, 5, 11
Suppose 3*x + 281 - 116 = 0. List the prime factors of ((-5172)/20 - 3)/(22/x).
2, 3, 109
Let q be 84/10*(-170)/(-51). Let c = -39 + q. List the prime factors of (c/(-3))/((-10)/(-30)).
11
Let h be (3 + (-68)/16)*-4. Suppose 6 + 9 = h*u. What are the prime factors of (u/(-6))/((-9)/792)?
2, 11
What are the prime factors of 2334844/197*(-7)/(-4)?
7, 2963
Let h be 2/6 + 69/9. Let o be (-1)/h - (-890)/80. Suppose -5*v + o*p + 583 = 8*p, v + 5*p = 139. List the prime factors of v.
7, 17
Let c(l) = -3*l**2 - 23*l + 12. Suppose 20*n + 104 - 4 = 0. List the prime factors of c(n).
2, 13
Let y be 0 + -6 + 8 + 1. Suppose 2*p - y*o - 160 - 135 = 0, p + o = 150. List the prime factors of p.
149
Let c be ((-48)/(-1 - -4))/(2/(-250)). Suppose 811 = 3*y - c. What are the prime factors of y?
937
Let i be -4 + 78/(-4) + (-2)/(-4). Let f = 27 + i. Let w(k) = 29*k + 5. What are the prime factors of w(f)?
11
Let j(x) = -63*x + 7. Suppose b = -4*m + 2*b + 13, 0 = 2*m - 2*b - 14. Let h(s) = -s - 1. Let d(v) = m*h(v) - j(v). List the prime factors of d(2).
113
Suppose 12 = 2*s + 2*x, -2*s = -5*s - 2*x + 14. Let y = 194 - 190. Suppose 3*f - 2*f - 5 = -s*l, -y*f + 4*l + 68 = 0. List the prime factors of f.
13
Let o(l) = -l**3 - 8*l**2 - 6*l - 4. Let p be o(-5). Let d = -49 - p. Suppose -9*q - 101 + 407 = d. What are the prime factors of q?
2, 17
List the prime factors of ((-2441376)/2520)/((4/(-45))/(4/6)).
2, 3, 7, 173
Suppose 20*i = 21*i - 1. Let r be 0/(2 - (i - 2)). Suppose -5*j + 345 = -r*j - 3*o, -j + 5*o = -91. List the prime factors of j.
2, 3, 11
Let j = -36801 - -90224. List the prime factors of j.
41, 1303
Let r = 397 + 358. Let j = r - 435. What are the prime factors of j?
2, 5
Suppose 0 = -2*q + q + 2*y + 13325, 2*q + 5*y = 26614. What are the prime factors of q?
3, 23, 193
Let x(d) = -d**3 - 53*d**2 + 111*d + 838. What are the prime factors of x(-63)?
5, 19, 353
Suppose 25*r - 194976 = -11*r + 250488. What are the prime factors of r?
2, 23, 269
Let y = 14583 - 5762. List the prime factors of y.
8821
Suppose 5*g = q - 23, 7*q + g + 13 = 3*q. Let z be (-12656)/(-70) + q/(-10). Suppose -4*l = -7*l - 2*d + z, 4*d = l - 65. List the prime factors of l.
61
Suppose 4*c - 64 - 168 = 0. Suppose 0 = -29*v + c*v - 23229. What are the prime factors of v?
3, 89
Suppose 321*l - 7075191 = 1597587. What are the prime factors of l?
2, 3, 19, 79
Suppose 4*s + 0*s - 2*s = 0. Suppose 3*k - 858 - 387 = s. What are the prime factors of k?
5, 83
Let c(i) = -i**3 + i**2 - 10. Let m be c(0). What are the prime factors of 1062/5 - (-7 - 74/m)?
2, 53
Let l be 10/(-8) - (-35433)/36. Let o = 1028 - l. List the prime factors of o.
3, 5
Suppose 0 = -507*z + 236*z + 17203080. List the prime factors of z.
2, 3, 5, 23
Let j(b) = -101*b**2 + b - 2. Let q(n) = -101*n**2 + 2*n. Let c(k) = -6*j(k) + 5*q(k). What are the prime factors of c(-2)?
2, 3, 17
Let w = 4049 + -3723. What are the prime factors of w?
2, 163
Let f = 140 + -132. Suppose -f*r = -22*r + 2534. List the prime factors of r.
181
Let m = 39 + -63. Let v = -3783 - -3715. Let d = m - v. List the prime factors of d.
2, 11
Let h(r) = r**2 + 14*r + 10. Let o = -23 - -39. Let y be h(o). Suppose 4*a = -a + y. What are the prime factors of a?
2, 7
Let i be (-1)/(((-1596)/(-268))/(-3) + 2). Let a = -65 - i. Suppose -2*l - a + 202 = 0. List the prime factors of l.
2, 5
Suppose 3*j + 644 = -j. Suppose -230 = 2*m - 0*m. Let d = m - j. List the prime factors of d.
2, 23
Suppose g = 5*z - 30155 - 46386, 3*z - 459